{"id":349,"date":"2019-04-22T23:23:02","date_gmt":"2019-04-22T23:23:02","guid":{"rendered":"https:\/\/grupormx.com\/?page_id=349"},"modified":"2021-11-30T20:15:30","modified_gmt":"2021-12-01T02:15:30","slug":"grupo-rmx","status":"publish","type":"page","link":"https:\/\/grupormx.com\/?page_id=349","title":{"rendered":"Grupo RMX"},"content":{"rendered":"<p>[vc_row css_animation=&#8221;&#8221; row_type=&#8221;row&#8221; use_row_as_full_screen_section=&#8221;no&#8221; type=&#8221;grid&#8221; angled_section=&#8221;no&#8221; text_align=&#8221;left&#8221; background_image_as_pattern=&#8221;without_pattern&#8221; padding_top=&#8221;119&#8243; padding_bottom=&#8221;87&#8243; z_index=&#8221;&#8221; css=&#8221;.vc_custom_1515745451587{background-color: #ffffff !important;}&#8221;][vc_column offset=&#8221;vc_col-md-6&#8243;][vc_separator type=&#8221;transparent&#8221; up=&#8221;-18&#8243;][vc_column_text]<\/p>\n<h1>\u00bfPor qu\u00e9 Grupo RMX?<\/h1>\n<p>[\/vc_column_text][vc_separator type=&#8221;small&#8221; position=&#8221;left&#8221; color=&#8221;#fab012&#8243; thickness=&#8221;4&#8243; width=&#8221;48&#8243; up=&#8221;17&#8243; down=&#8221;27&#8243;][vc_column_text]Fundada en 1991, Grupo RMX es una empresa con m\u00e1s de 30 a\u00f1os de experiencia que ofrece soluciones seguras y responsables para los problemas de plagas urbanas que afectan los hogares, comercios e industrias veracruzanas.<\/p>\n<p>Desde sus inicios, la idea de emprender un negocio de control de plagas, estuvo cimentada en los conceptos de salud, seguridad, bienestar, confianza y respeto.<\/p>\n<p>Iniciamos como la mayor\u00eda, con un aspersor, la compra de producto, la orientaci\u00f3n y buenos deseos de compa\u00f1eros del gremio y proveedores. Con dedicaci\u00f3n, compromiso e inquietud fuimos adquiriendo experiencia.<\/p>\n<p>El camino no ha sido f\u00e1cil, pero la decisi\u00f3n de orientar nuestros esfuerzos al cumplimiento de las necesidades de nuestros clientes aunado a los valores que dieron origen a nuestra idea, nos ha permitido crecer.<\/p>\n<p>Hoy en d\u00eda somos una empresa con experiencia, conocimientos, tecnolog\u00eda y certificaciones, lo que nos permite ofrecerle soluciones responsables y seguras para resolver sus problemas con plagas.[\/vc_column_text][vc_empty_space height=&#8221;36px&#8221;]<a  itemprop=\"url\" href=\"https:\/\/grupormx.com\/?page_id=435\" target=\"_self\"  class=\"qbutton  default\" style=\"\">\u00a1Cont\u00e1ctanos!<\/a>[vc_empty_space height=&#8221;30px&#8221;][\/vc_column][vc_column offset=&#8221;vc_col-md-6&#8243;][vc_single_image image=&#8221;544&#8243; img_size=&#8221;full&#8221; qode_css_animation=&#8221;&#8221;][vc_empty_space height=&#8221;30px&#8221;][\/vc_column][\/vc_row][vc_row css_animation=&#8221;&#8221; row_type=&#8221;row&#8221; use_row_as_full_screen_section=&#8221;no&#8221; type=&#8221;full_width&#8221; angled_section=&#8221;no&#8221; text_align=&#8221;center&#8221; background_image_as_pattern=&#8221;without_pattern&#8221; css=&#8221;.vc_custom_1557177940467{background-image: url(https:\/\/grupormx.com\/wp-content\/uploads\/2019\/02\/bg-testimonials.jpg?id=341) !important;background-position: center !important;background-repeat: no-repeat !important;background-size: cover !important;}&#8221; z_index=&#8221;&#8221;][vc_column][qode_elements_holder number_of_columns=&#8221;one_column&#8221;][qode_elements_holder_item item_padding=&#8221;1px 0 0 0&#8243; advanced_animations=&#8221;no&#8221; item_padding_1280_1440=&#8221;60px 0 0 0&#8243; item_padding_1024_1280=&#8221;61px 0 0 0&#8243; item_padding_768_1024=&#8221;50px 0 0 0&#8243; item_padding_600_768=&#8221;50px 0 0 0&#8243; item_padding_480_600=&#8221;50px 0 0 0&#8243; item_padding_480=&#8221;50px 0 0 0&#8243;][vc_row_inner row_type=&#8221;row&#8221; type=&#8221;full_width&#8221; text_align=&#8221;center&#8221; css_animation=&#8221;&#8221;][vc_column_inner width=&#8221;1\/3&#8243; css=&#8221;.vc_custom_1628809234327{padding-top: 50% !important;}&#8221;]<div class=\"q_counter_holder  center\" style=\"\"><span class=\"counter  random\" style=\"\">+ 30<\/span><p class=\"counter_text\" style=\"\">A\u00f1os de Experiencia<\/p><\/div>[\/vc_column_inner][vc_column_inner width=&#8221;1\/3&#8243; css=&#8221;.vc_custom_1628809978810{padding-bottom: 5% !important;}&#8221;]<div class=\"q_counter_holder  center\" style=\"\"><span class=\"counter  random\" style=\"\"><\/span><p class=\"counter_text\" style=\"font-size: 36px;font-weight: 600;\">Distribuidor Fly Defense<\/p><\/div>[vc_single_image image=&#8221;607&#8243; img_size=&#8221;medium&#8221; alignment=&#8221;center&#8221; qode_css_animation=&#8221;&#8221;][\/vc_column_inner][vc_column_inner width=&#8221;1\/3&#8243; css=&#8221;.vc_custom_1628809906989{padding-top: -10% !important;}&#8221;]<div class=\"q_counter_holder  center\" style=\"\"><span class=\"counter  random\" style=\"\"><\/span><p class=\"counter_text\" style=\"font-size: 36px;font-weight: 600;\">Distribuidor CorpoCitrik<\/p><\/div>[vc_single_image image=&#8221;614&#8243; img_size=&#8221;medium&#8221; alignment=&#8221;center&#8221; qode_css_animation=&#8221;&#8221;][\/vc_column_inner][\/vc_row_inner][\/qode_elements_holder_item][\/qode_elements_holder][\/vc_column][\/vc_row][vc_row css_animation=&#8221;&#8221; row_type=&#8221;row&#8221; use_row_as_full_screen_section=&#8221;no&#8221; type=&#8221;grid&#8221; angled_section=&#8221;no&#8221; text_align=&#8221;left&#8221; background_image_as_pattern=&#8221;without_pattern&#8221; padding_top=&#8221;128&#8243; padding_bottom=&#8221;72&#8243; z_index=&#8221;&#8221; css=&#8221;.vc_custom_1515746131461{background-color: #ecebeb !important;}&#8221;][vc_column offset=&#8221;vc_col-md-4&#8243;][qode_elements_holder number_of_columns=&#8221;one_column&#8221;][qode_elements_holder_item item_padding=&#8221;9px 12px 0px 11px&#8221; advanced_animations=&#8221;no&#8221;][vc_single_image image=&#8221;545&#8243; img_size=&#8221;full&#8221; qode_css_animation=&#8221;&#8221;][\/qode_elements_holder_item][\/qode_elements_holder][vc_empty_space height=&#8221;30px&#8221;][\/vc_column][vc_column offset=&#8221;vc_col-md-8&#8243;][qode_elements_holder number_of_columns=&#8221;one_column&#8221;][qode_elements_holder_item item_padding=&#8221;0 11% 0 0&#8243; advanced_animations=&#8221;no&#8221;][vc_column_text]<\/p>\n<h1>Promesa de Servicio RMX<\/h1>\n<p>[\/vc_column_text][vc_separator type=&#8221;small&#8221; position=&#8221;left&#8221; color=&#8221;#fab012&#8243; thickness=&#8221;4&#8243; width=&#8221;48&#8243; up=&#8221;14&#8243; down=&#8221;22&#8243;][vc_column_text]<!--h5>Hoy en d\u00eda somos una empresa con experiencia, conocimientos, tecnolog\u00eda y certificaciones, lo que nos permite ofrecerle soluciones responsables y seguras para resolver sus problemas con plagas.<\/h5-->[\/vc_column_text][\/qode_elements_holder_item][\/qode_elements_holder]<div class='q_list circle'><\/p>\n<ol>\n<li>\n<h4><span style=\"color: #000000;\">Prevenir antes que corregir; corregir sin da\u00f1ar; programar para prevenir.<\/span><\/h4>\n<\/li>\n<li>\n<h4><span style=\"color: #000000;\">Ofrecer soluciones seguras y responsables, respaldadas en conocimientos, tecnolog\u00eda, experiencia y cumplimiento de la normatividad.<\/span><\/h4>\n<\/li>\n<li>\n<h4><span style=\"color: #000000;\">Involucrar a nuestro cliente, para que participe con medidas que modifiquen factores que favorecen a las plagas.<\/span><\/h4>\n<\/li>\n<li>\n<h4><span style=\"color: #000000;\">Ser responsables con el medio ambiente al minimizar el uso de qu\u00edmicos.<\/span><\/h4>\n<\/li>\n<li>\n<h4><span style=\"color: #000000;\">Brindar atenci\u00f3n r\u00e1pida y oportuna.<\/span><\/h4>\n<\/li>\n<\/ol>\n<p><\/div>[vc_separator type=&#8221;small&#8221; position=&#8221;left&#8221; color=&#8221;#fab012&#8243; thickness=&#8221;4&#8243; width=&#8221;48&#8243; up=&#8221;14&#8243; down=&#8221;22&#8243;][vc_empty_space height=&#8221;30px&#8221;][\/vc_column][\/vc_row]<\/p>\n","protected":false},"excerpt":{"rendered":"<p>[vc_row css_animation=&#8221;&#8221; row_type=&#8221;row&#8221; use_row_as_full_screen_section=&#8221;no&#8221; type=&#8221;grid&#8221; angled_section=&#8221;no&#8221; text_align=&#8221;left&#8221; background_image_as_pattern=&#8221;without_pattern&#8221; padding_top=&#8221;119&#8243; padding_bottom=&#8221;87&#8243; z_index=&#8221;&#8221; css=&#8221;.vc_custom_1515745451587{background-color: #ffffff !important;}&#8221;][vc_column offset=&#8221;vc_col-md-6&#8243;][vc_separator type=&#8221;transparent&#8221; up=&#8221;-18&#8243;][vc_column_text] \u00bfPor qu\u00e9 Grupo RMX? [\/vc_column_text][vc_separator type=&#8221;small&#8221; position=&#8221;left&#8221; color=&#8221;#fab012&#8243; thickness=&#8221;4&#8243; width=&#8221;48&#8243; up=&#8221;17&#8243; down=&#8221;27&#8243;][vc_column_text]Fundada en 1991, Grupo RMX es una empresa con m\u00e1s de 30 a\u00f1os de experiencia que ofrece&#8230;<\/p>\n","protected":false},"author":1,"featured_media":0,"parent":0,"menu_order":0,"comment_status":"closed","ping_status":"closed","template":"","meta":{"footnotes":""},"class_list":["post-349","page","type-page","status-publish","hentry"],"_links":{"self":[{"href":"https:\/\/grupormx.com\/index.php?rest_route=\/wp\/v2\/pages\/349","targetHints":{"allow":["GET"]}}],"collection":[{"href":"https:\/\/grupormx.com\/index.php?rest_route=\/wp\/v2\/pages"}],"about":[{"href":"https:\/\/grupormx.com\/index.php?rest_route=\/wp\/v2\/types\/page"}],"author":[{"embeddable":true,"href":"https:\/\/grupormx.com\/index.php?rest_route=\/wp\/v2\/users\/1"}],"replies":[{"embeddable":true,"href":"https:\/\/grupormx.com\/index.php?rest_route=%2Fwp%2Fv2%2Fcomments&post=349"}],"version-history":[{"count":16,"href":"https:\/\/grupormx.com\/index.php?rest_route=\/wp\/v2\/pages\/349\/revisions"}],"predecessor-version":[{"id":647,"href":"https:\/\/grupormx.com\/index.php?rest_route=\/wp\/v2\/pages\/349\/revisions\/647"}],"wp:attachment":[{"href":"https:\/\/grupormx.com\/index.php?rest_route=%2Fwp%2Fv2%2Fmedia&parent=349"}],"curies":[{"name":"wp","href":"https:\/\/api.w.org\/{rel}","templated":true}]}}